uppose 1 = -z*k + 7. What is the remainder when k is divided by 2?
1
Let w(v) = 2*v - 10. Let g be w(7). Suppose 74 = 2*c + 4*q, 2*q + 14 - g = 0. What is the remainder when c is divided by 16?
15
Let s = 927 + -887. Calculate the remainder when s is divided by 11.
7
Suppose 37*b - 19*b - 378 = 0. Calculate the remainder when 313 is divided by b.
19
Let u(r) = -r + 10. What is the remainder when 368/(-24)*(-6)/4 is divided by u(4)?
5
Suppose -q + u + 61 = 0, -5*q - 2*u - 3*u + 255 = 0. Let o = 60 - q. What is the remainder when 20 is divided by o?
0
Suppose 4*j - 2*u - 1190 = 0, 35*j - 5*u = 32*j + 882. Calculate the remainder when j is divided by 77.
68
Let g(d) = 13*d**2 - 5*d - 9. What is the remainder when g(3) is divided by 24?
21
Suppose 0 = -4*f + a + 694, 3*f + 5*a - 110 - 399 = 0. What is the remainder when f is divided by 67?
39
Suppose -11 = 4*s - 39. Let o(v) = -v**2 + 11*v - 9. What is the remainder when s is divided by o(10)?
0
Calculate the remainder when (-2)/(-1)*126/4 is divided by 32.
31
Let r = 258 - 197. What is the remainder when r is divided by 8?
5
Suppose 71*u - 30*u = 6724. Calculate the remainder when u is divided by 7.
3
Suppose -3*d - 5*k = -947, 9*k = -4*d + 14*k + 1286. Calculate the remainder when d is divided by 40.
39
Let g(f) = -f**2 + f - 17. Let u(x) = -2*x**2 + 2*x - 35. Let s(t) = -13*g(t) + 6*u(t). Calculate the remainder when s(-9) is divided by 34.
33
Let l(q) = q + 12. Let t be ((-1110)/25)/((-3)/10). Suppose 2*k - t = -0*k. Calculate the remainder when k is divided by l(7).
17
Let h = -151 + 394. Calculate the remainder when 39 is divided by 2484/h + (-2)/9.
9
Let q be ((-2773)/(-354))/((1/1)/6). Let u(p) = -p**3 + 4*p**2 + p + 1. Let h be u(4). Let i = q - h. What is the remainder when i is divided by 22?
20
Let f = -9 - -16. Calculate the remainder when 419 is divided by f.
6
Let n be 4/24*3*0. Suppose -6 = -2*r - n. Calculate the remainder when 3 is divided by r.
0
Calculate the remainder when 1630 is divided by ((-2)/9)/(44/(-4554)).
20
Suppose -5*s + 114 = -251. What is the remainder when s is divided by 326/16 + 42/(-112)*1?
13
Suppose -5*r - 126 = -4*j, -2*r + 10 - 6 = 0. Calculate the remainder when 113 is divided by j.
11
Let i(u) = 150*u + 1229. What is the remainder when 146 is divided by i(-8)?
1
Suppose 0 = 15*a - 10*a - 15. Suppose -2*k - a*j + 40 = -2, 2*j = 2*k - 32. What is the remainder when 33 is divided by k?
15
Calculate the remainder when 184 is divided by 1 - -33 - (-45 + 41).
32
Suppose 0 = -4*g + 3*r + 897, 5*g + 5*r - 1127 = 3*r. Calculate the remainder when g is divided by 35.
15
Let o = 103 - 129. Suppose -2*g + 0 = -8. Calculate the remainder when 33 is divided by g/o - 316/(-26).
9
Let j = -24 - -9. Let v = j - -19. Suppose v*h - 8 = i + 35, -3*h = -3*i - 39. What is the remainder when h is divided by 6?
4
Let d(k) be the first derivative of k**3/3 - 11*k**2/2 - 15*k - 4. Let u be d(12). What is the remainder when ((-40)/u)/(7/21) is divided by 21?
19
Let o(y) = 52*y. Let b be o(3). Let l = 12 - 8. Suppose 3*i = a + b, -5*i + a + 52 = -l*i. Calculate the remainder when i is divided by 9.
7
Let a(x) = -x**3 - 5*x**2 - x - 3. Let m be a(-5). Suppose k - u - 2 = 3*u, 0 = k - u - m. Calculate the remainder when (k - 0) + -5 + 42 is divided by 21.
18
Let r be (-2*6/4 + 11)*2. Let s(f) = f**3 - 17*f**2 + 19*f - 11. Calculate the remainder when s(r) is divided by 21.
16
Suppose -88*i + 71*i + 476 = 0. What is the remainder when 893 is divided by i?
25
Suppose 0 = p - 284 + 36. What is the remainder when p is divided by 84?
80
Let d(p) = p**3 - 5*p**2 - 16*p + 36. Let c = 4 + -4. What is the remainder when d(7) is divided by -13*(1 + -2 + c)?
9
Let q(d) = 0*d**3 - 7*d**2 - d**3 + 2*d**2 + 2*d - 15. Suppose -4*c - 19*u - 36 = -15*u, -2*c = -3*u + 8. Calculate the remainder when q(c) is divided by 10.
9
Let c(b) = -b**2 + b + 1. Let z(q) = -4*q**2 + 9*q + 49. Let v(t) = -5*c(t) + z(t). Let x = -15 - -30. What is the remainder when v(0) is divided by x?
14
What is the remainder when 90 is divided by 1/(2/(-15))*(-8)/5?
6
Calculate the remainder when 133 is divided by (-35)/(70/(-114)) - (2 - 1).
21
Let p(j) be the second derivative of j**5/20 - j**4/12 + j**3/6 + 13*j**2 - 2*j. Let h = 37 - 37. What is the remainder when 103 is divided by p(h)?
25
Suppose 864 = 3*f - 4*m + 209, -656 = -3*f + 5*m. Calculate the remainder when f is divided by 17.
13
Suppose 172*s = 169*s + 561. Calculate the remainder when s is divided by 27.
25
Suppose -2*t + 13*t - 594 = 0. What is the remainder when t is divided by 11?
10
Let t(g) = -g**2 + 8*g - 3. Calculate the remainder when 95 is divided by t(5).
11
Suppose -4*y + 329 = 3*a, -22*y = -17*y - 2*a - 440. Calculate the remainder when y is divided by 43.
0
Let f(n) = n**2 - 9*n + 9. Let c be f(8). Calculate the remainder when 55 is divided by (2 + c)/(4/(28/3)).
6
Let g = -1080 + 1091. What is the remainder when 84 is divided by g?
7
Let k(h) = h**2 - 3*h - 9. Let f(a) = -1. Let y(o) = -5*f(o) + k(o). Let m be y(5). Suppose 0 = 3*g - 0*g - m. What is the remainder when 3 is divided by g?
1
Suppose 2*u - 18 = u - 3*g, 2*g + 10 = 0. What is the remainder when 47 is divided by u?
14
Let g(m) = m**2 + 48*m + 71. What is the remainder when 141 is divided by g(-47)?
21
Calculate the remainder when 187 is divided by 18/3*5/(-10)*-7.
19
Let v = 1438 + -1359. What is the remainder when 1263 is divided by v?
78
Let p(n) = -n**2 + 26*n - 27. Calculate the remainder when p(20) is divided by 21.
9
Let j = 5 - -1. What is the remainder when 41 is divided by 4/j + 240/18?
13
Let a be (5 + -1)/(1/7). Let q(n) = n**2 - 8*n + 6. Let g be q(7). What is the remainder when 13 is divided by (-1)/((4/a)/g)?
6
Suppose -188*o = -195*o + 336. What is the remainder when 140 is divided by o?
44
Let t(s) = 85*s**3. Suppose -6*l + l + 70 = 0. What is the remainder when t(1) is divided by l/21 - 170/(-6)?
27
Let p be 2/(-3) + (-910)/(-6). Suppose -w = 5*a + w - 188, 4*a + w = p. Suppose -y - 5*y = -120. Calculate the remainder when a is divided by y.
18
What is the remainder when 186 is divided by (-240)/200 - 181/(-5)?
11
Suppose -3*x - 113 = -389. Suppose -25 = 5*s, 5*s = -28*r + 33*r - 185. What is the remainder when x is divided by r?
28
Let m = -145 - -283. Let o(t) = -t**2 + 18*t - 45. Calculate the remainder when m is divided by o(10).
33
Suppose 133 + 57 = 5*p. What is the remainder when p is divided by 8?
6
Let z(r) = 6*r**2 - 1. Let d be z(1). Suppose y = 6*y. Suppose -d*b = -y*b - 105. Calculate the remainder when b is divided by 6.
3
Let c(u) = -13*u + 7. Calculate the remainder when 49 is divided by c(-1).
9
Let d be 5 - 3 - (2 - 4). Suppose -5*t = -2*q - 285, d*t - q - 292 = -64. Let b = -26 + t. What is the remainder when b is divided by 17?
14
Suppose -4*q - 12 = -k, -5*k + 3*q = -0*q + 25. What is the remainder when (-2 + 2)/(-1) - -22 is divided by k/(-4)*4/1?
6
Let c(w) = -w**2 + 5*w - 2. Let m be c(4). Suppose m*z + 70 = 5*x, x = 3*x - 2*z - 22. Calculate the remainder when x is divided by 10.
6
Suppose -22*b = -23*b - 2*o + 23, 5*o = 5*b - 175. Calculate the remainder when b is divided by 17.
14
Let o(d) = 30*d**2 + 7*d + 13. Calculate the remainder when o(-3) is divided by 53.
50
Suppose -3*b = 5*d - 548, 64*b = 5*d + 60*b - 576. Calculate the remainder when 340 is divided by d.
4
Let t(d) = 4*d - 18. Let f be (24/(-16))/(1/(-6)). Calculate the remainder when (23/1 - -3)*2 is divided by t(f).
16
Calculate the remainder when -1*(-1*50 - -1) is divided by 23 + -26 - (-16 - -3).
9
Let u = -1 + 5. Let s(m) = -m**3 - 15*m**2 + 2. Suppose -k + 15 = -2*k. Calculate the remainder when u is divided by s(k).
0
What is the remainder when (-10)/(-4)*3124/55 is divided by 18?
16
Let p = 15 - 13. Suppose u - 64 = -u + p*o, 4*o = -u + 47. Calculate the remainder when u is divided by 9.
8
Let d = 376 + -216. Let q(b) = b + 8. Calculate the remainder when d is divided by q(19).
25
Let n(g) = 4 + 0*g + 13*g + g - 7*g. Let i be 1/(0 - 2/(-4)). What is the remainder when 52 is divided by n(i)?
16
Calculate the remainder when 70 is divided by (8/7)/(12/84).
6
Let n be 9 - (-2 - 0/1). Let h be (55/n)/((-5)/(-2)). Suppose -4*a + 5*a = -5*i + 71, -46 = -h*i + 4*a. What is the